of d?
2
Let s = -18 - -21. Suppose 0 = d - 3*b - 25, -3*d + 0*b = -s*b - 63. What is the tens digit of d?
1
Suppose 0 = 5*o + 15, q + 4*o - 111 = 39. What is the units digit of q?
2
Let l = 4 - 5. What is the units digit of 2 - (0 + -3 - l)?
4
Suppose -4*u - 12 = -4*w, 2*w + 5*u - 2 - 4 = 0. Let z(b) = 5*b + 1. What is the units digit of z(w)?
6
Suppose 195 = 3*r - 3*c - 3, c = -5*r + 348. What is the units digit of r?
9
What is the units digit of (-8)/3*10*-3?
0
Let j(b) = -b**2 + 4*b**2 - 7*b - 3 - 4*b**2. Let t be j(-6). Suppose t*p + 2*s - 33 = 0, 0*p - 4*p = -4*s - 44. What is the units digit of p?
1
Let y(k) = k**2 - 4*k + 4. Let h be y(4). Suppose -3*l - 2*l = -h*s + 62, 0 = -s + l + 15. What is the tens digit of s?
1
Suppose -4*k - 21 + 169 = 0. What is the units digit of k?
7
Let x be 1/1 - (1 - 2). What is the units digit of 0 - (-16 + x + 1)?
3
Let q(h) = h**2 - 6*h + 5. Let u = 12 - 6. Let y be q(u). Suppose 4*d - y*b = -b + 16, -d - 2*b + 7 = 0. What is the units digit of d?
5
Let x(c) = -2 + c - 1 + 2*c**2 + 0*c. What is the tens digit of x(-3)?
1
Let c be 2/(-8)*(-4)/1. Let n = 14 - c. What is the units digit of n?
3
Let q be 4/(1*(-1 + 2)). Let y = -24 - -38. Suppose -q*k + y = 2. What is the units digit of k?
3
Suppose 5*v - 25 = -2*a, -a - 4 = 2*v - 3*a. What is the units digit of v?
3
Let c(m) = m. Let r be c(-1). Let i = r + -1. Let n = i + 7. What is the units digit of n?
5
Let d(h) = 5*h**2 - 4*h - 7. What is the units digit of d(3)?
6
Let d(a) = a**2 - 11*a + 15. What is the units digit of d(10)?
5
Suppose -8 = 4*w - 2*a, -1 - 9 = 5*w + 2*a. What is the tens digit of 1 + w + 1*17?
1
Let h be 38/(-14) - (-2)/(-7). Let k(j) = -j + 3. Let z be k(h). Let w = 12 - z. What is the units digit of w?
6
Suppose 0*v + 5*v = 125. What is the units digit of v?
5
What is the units digit of ((-6)/9)/(9/(-27))?
2
Let d = -37 + 142. What is the hundreds digit of d?
1
Suppose 4*b - 4 = 3*c - 20, -3*c = -b - 22. Suppose -4*p - 42 = 3*p. Let m = p + c. What is the units digit of m?
2
Let b = 47 - -164. What is the tens digit of b?
1
Suppose 4*z = 4*v + 32, 5*z + 2*v - 11 - 57 = 0. What is the units digit of z?
2
Let q(f) = f**2 + 3*f - 3. What is the units digit of q(-6)?
5
Suppose -4*h = 7*w - 3*w - 4, -37 = -5*w + 3*h. Suppose 0*t + 60 = w*u + 3*t, -3*u + 40 = t. What is the units digit of u?
5
Let v be (-28)/2*5/10. Let f = v - -1. Let x = 17 + f. What is the units digit of x?
1
Let c(k) = 3*k + 5*k + 0*k + 2*k**2 - 4*k + 3. Let p be c(-2). Suppose -a + 16 = p*o, 0 = -5*o + 2*o + 12. What is the units digit of a?
4
Suppose 9*c - 1668 - 537 = 0. What is the hundreds digit of c?
2
Let k be ((-2)/(-4))/(1/24). Let l = k - 7. Suppose 16 - l = q. What is the tens digit of q?
1
Let z(v) = 3*v**2 - 5*v - 3. What is the units digit of z(-3)?
9
Let j(q) = 2*q**2 - 3 - 2*q**2 - 10*q + 9 + q**2. What is the units digit of j(12)?
0
Let g(c) = -3 - 5 + 4 + 4*c + 3. Let k be g(-5). What is the units digit of (-1 + k/(-3))/2?
3
Suppose -2 - 2 = -2*k - 5*q, 3*k - 6 = 5*q. Suppose -6*c = -k*c - 76. What is the tens digit of c?
1
Let k = 5 - 1. Suppose -24 = -k*v + 52. What is the tens digit of v?
1
Suppose -4*u = 5*g - 61, 4*g = 4*u - 37 + 93. Let w = g - 2. What is the tens digit of w?
1
Let c be ((-1)/(-1))/(3/21). Let x = c + 11. Suppose t - x = -t. What is the units digit of t?
9
Suppose -4*k + 16 = -2*d, -3*d + 1 - 4 = k. Let n = 21 + k. What is the tens digit of n?
2
Suppose -3*s - s = -20. Suppose 0 = 2*m - 4*a - 64, 0 = -0*m + 3*m + s*a - 129. What is the units digit of m?
8
Let j(k) be the third derivative of k**6/20 + k**5/30 - k**4/24 + 20*k**2. Let c(q) = -q**3 + 5*q**2 - q + 6. Let h be c(5). What is the units digit of j(h)?
7
Suppose -2*n + 4 = -3*n. Let l = 21 - n. What is the units digit of l?
5
Let r = -5 + 4. What is the tens digit of (-6)/((-2)/r) + 34?
3
Let k be (-1 - -1)/(-2 + 0). Suppose -2*a + k*a = -16. Let u = -1 + a. What is the units digit of u?
7
Let d be (18/15)/((-3)/(-10)). Suppose -3*h + 13 = d*w - 45, 90 = 5*h + 5*w. What is the units digit of h?
4
Let d be (-162)/(-8) - 4/16. Let j = d - 8. What is the units digit of j?
2
Let i(h) = -h**2 + 14*h - 10. What is the units digit of i(11)?
3
Let y = -6 - -8. What is the tens digit of y*-46*2/(-8)?
2
Let r(m) = -18*m + 17. What is the units digit of r(-5)?
7
Suppose -w + 160 = 3*w. Suppose q + 1 = 3. Suppose q*y - w = -2*y. What is the tens digit of y?
1
Let a = -25 + 29. What is the units digit of a?
4
Let l = 24 - 22. What is the units digit of l?
2
Let t be (-20)/(-12) - (-8)/6. What is the tens digit of (-15*t/(-3))/1?
1
Let i(x) = 2*x + 7. Let v = 21 + -15. What is the tens digit of i(v)?
1
Let g be (-2)/3 - 2/(-3). Suppose -s + 2*s - 8 = -u, 3*u + 15 = g. What is the tens digit of s?
1
Let i be 0 - 27 - (3 + -3). Let v = i - -40. What is the units digit of v?
3
Let m(q) = -q - 12. What is the units digit of m(-14)?
2
Let c = 714 - 501. What is the units digit of c?
3
Let p be 305/10 + 1/2. Let z(i) = 10*i + 1. Let w be z(-2). Let l = p + w. What is the units digit of l?
2
Let i = 60 + -104. Let x be 8/i - (-194)/(-22). Let k = 2 - x. What is the units digit of k?
1
Suppose 3*h = -2*h - 35. Let o = 4 + h. What is the tens digit of ((-84)/18)/(1/o)?
1
Suppose -q - 3*q = 56. Let r = q + 31. Let f = r + -9. What is the units digit of f?
8
Let o = 8 + -1. Let k(m) = 2*m**2 - 9*m - 3. Let s be k(o). Suppose -3*g - 9 = 2*l - 2, s = 3*l - 4*g. What is the units digit of l?
4
Suppose 4*y - h = -y + 13, -y + 4*h = 5. Suppose 0 = 2*z - z - y. Suppose 0 = -z*v + 19 + 20. What is the units digit of v?
3
Let k = 5 - 3. Suppose k*o + 1 = 3. What is the units digit of o?
1
Suppose 2*g + f - 19 = -2*f, 4*f - 37 = -5*g. Suppose 40 + 0 = -g*r. Let m = r + 17. What is the units digit of m?
9
Let v be 2/(-8) + 9/4. Suppose -6 = -4*d - v. Suppose 2*j - 44 = -4*h - 2*j, 0 = h - j - d. What is the units digit of h?
6
Suppose -3*r - 1 = 2*i, -5 = -3*i + 4*i. Let m(s) = -s**2 + 6*s + 3. What is the units digit of m(r)?
2
Let a = 10 - 12. What is the units digit of ((-4)/8 + -1)*a?
3
Let b = 3 - 0. Let o be ((-3)/b - 4)*1. Let f(x) = x**3 + 6*x**2 + 4*x - 2. What is the units digit of f(o)?
3
Suppose -3*x = -4*y + x + 892, -4*y - 2*x + 898 = 0. What is the hundreds digit of y?
2
Suppose 0 = -2*s + 2*n + 42, 3*s + 5*n - 63 = 4*n. Suppose 8 = -p - 6. Let m = s + p. What is the units digit of m?
7
Suppose 2*j + 0*j = 2*v - 330, -4*v + 659 = -3*j. What is the hundreds digit of v?
1
Let h be 2 + -3 - -1*1. Suppose h = 2*w - 2*k + 2 - 0, -4*w + 26 = 2*k. Suppose m - w*m - 4*c + 8 = 0, 0 = 3*m + c - 20. What is the units digit of m?
8
What is the tens digit of ((44/3)/(-2))/(3/(-18))?
4
What is the tens digit of 3 + 392/20 - (-3)/(-5)?
2
Suppose 5*f - 4*f = 2*r + 9, 9 = f + 2*r. What is the units digit of f?
9
Let j = -266 - -458. What is the tens digit of j?
9
Suppose -3*k - 6 = -y, -11 = y + 5*k + 7. Let s = 4 + y. Let j = s + 2. What is the units digit of j?
3
Let x(w) = w**3 + 3*w**2 + w - 1. Let s be x(-3). Let i be (s/5)/((-4)/10). What is the units digit of 1 + (-23 + i)/(-3)?
8
Let w(a) = -a - 4. Let c be w(-4). Suppose 0 = -j + 3*q + 20, 5 = -3*j - 4*q - c. What is the units digit of j?
5
Let k(v) = v - 5. Let f be ((-2)/(-4))/((-1)/(-12)). What is the units digit of k(f)?
1
What is the units digit of (-387)/12*-2 + (-1)/2?
4
Suppose 0 = 4*l + 5*y - 110 - 14, -2*l + 2*y + 80 = 0. Suppose -4*g = -5*d + 11 - l, 5*g - 3*d - 41 = 0. What is the tens digit of g?
1
Suppose 0 = 2*h - 5*x - 570, 3*h + x - 2*x - 868 = 0. Suppose 6*f = 28 + h. What is the units digit of f?
3
Suppose -2*o + 164 = 2*y, 152 = -4*y + o + 470. What is the tens digit of y?
8
Let z be (1 - (-1 + 1))*-5. Suppose t = -h + 3*t - 14, 0 = -5*h + t - 34. Let w = z - h. What is the units digit of w?
1
Let m be -1 + (1 - -1)/2. Let j(o) = 20*o**3 + o**2 - 1. Let a be j(1). Suppose 4*y - 2*f - 52 = m, 2*y - a = -f - f. What is the tens digit of y?
1
Let s be (-1 + -2 + 2)*-4. Suppose -s*z + z = -9. What is the units digit of z?
3
Let i be (-2)/(-2) - (-1 - 4). Let d be 3/i - 11/(-2). What is the units digit of (0 + 3)*16/d?
8
Let m(b) be the third derivative of b**5/60 + 5*b**4/24 - 5*b**3/3 + 3*b**2. What is the tens digit of m(-9